
2, 5, 7, 46349
What are the prime factors of 522735?
3, 5, 34849
List the prime factors of 81179.
7, 11597
List the prime factors of 90089.
90089
What are the prime factors of 721167?
3, 37, 73, 89
List the prime factors of 4960629.
3, 269, 683
What are the prime factors of 19315214?
2, 47, 53, 3877
What are the prime factors of 1820669?
1820669
What are the prime factors of 334997?
13, 73, 353
What are the prime factors of 3904142?
2, 11, 43, 4127
List the prime factors of 350875.
5, 7, 401
What are the prime factors of 9846299?
757, 13007
What are the prime factors of 13540101?
3, 107, 42181
List the prime factors of 162790.
2, 5, 73, 223
What are the prime factors of 38755571?
29, 1336399
List the prime factors of 1853543.
73, 25391
List the prime factors of 193369.
11, 17579
What are the prime factors of 5098626?
2, 3, 13, 269
List the prime factors of 2481805.
5, 71, 6991
List the prime factors of 219029.
23, 89, 107
What are the prime factors of 6124688?
2, 19, 20147
List the prime factors of 9044.
2, 7, 17, 19
What are the prime factors of 7749980?
2, 5, 7, 197, 281
List the prime factors of 8486853.
3, 2828951
List the prime factors of 6073440.
2, 3, 5, 12653
What are the prime factors of 2127830?
2, 5, 389, 547
List the prime factors of 1246.
2, 7, 89
What are the prime factors of 5309477?
5309477
List the prime factors of 3365464.
2, 420683
List the prime factors of 34501.
34501
List the prime factors of 4790516.
2, 239, 5011
List the prime factors of 649407.
3, 11, 1789
What are the prime factors of 9499258?
2, 4749629
List the prime factors of 815365.
5, 313, 521
List the prime factors of 1521989.
7, 89, 349
List the prime factors of 2338571.
17, 23, 5981
List the prime factors of 591867.
3, 7307
What are the prime factors of 20687858?
2, 67, 154387
List the prime factors of 4172101.
4172101
What are the prime factors of 21407?
21407
List the prime factors of 7094365.
5, 1418873
List the prime factors of 243224.
2, 30403
What are the prime factors of 752951?
19, 23, 1723
List the prime factors of 54065.
5, 11, 983
What are the prime factors of 2989652?
2, 109, 6857
List the prime factors of 7218477.
3, 7, 29, 439
What are the prime factors of 65440?
2, 5, 409
List the prime factors of 891245.
5, 178249
What are the prime factors of 2042447?
11, 185677
List the prime factors of 265015.
5, 53003
What are the prime factors of 3817718?
2, 953, 2003
What are the prime factors of 701991?
3, 77999
What are the prime factors of 2250645?
3, 5, 19, 53, 149
List the prime factors of 2873520.
2, 3, 5, 13, 307
What are the prime factors of 26089930?
2, 5, 2608993
What are the prime factors of 304495?
5, 60899
What are the prime factors of 2712075?
3, 5, 36161
What are the prime factors of 14471348?
2, 29, 124753
What are the prime factors of 961649?
13, 73973
What are the prime factors of 7681662?
2, 3, 19, 7487
List the prime factors of 6106455.
3, 5, 45233
List the prime factors of 685771.
571, 1201
List the prime factors of 11163515.
5, 11, 202973
List the prime factors of 2554602.
2, 3, 541, 787
What are the prime factors of 8101403?
89, 227, 401
What are the prime factors of 7331504?
2, 458219
What are the prime factors of 147593?
37, 3989
List the prime factors of 365162.
2, 7, 26083
List the prime factors of 2218913.
109, 20357
List the prime factors of 335038.
2, 11, 97, 157
What are the prime factors of 15005903?
11, 157, 8689
What are the prime factors of 736792?
2, 7, 59, 223
List the prime factors of 41315.
5, 8263
List the prime factors of 16830.
2, 3, 5, 11, 17
List the prime factors of 1482098.
2, 47, 15767
List the prime factors of 316186.
2, 13, 12161
What are the prime factors of 215581?
193, 1117
List the prime factors of 288900.
2, 3, 5, 107
List the prime factors of 319628.
2, 79907
What are the prime factors of 515609?
199, 2591
What are the prime factors of 7544073?
3, 17, 53, 2791
What are the prime factors of 51048?
2, 3, 709
What are the prime factors of 852559?
852559
What are the prime factors of 24167859?
3, 263, 30631
What are the prime factors of 277965?
3, 5, 29, 71
What are the prime factors of 1932228?
2, 3, 17891
What are the prime factors of 352361?
352361
What are the prime factors of 6710307?
3, 2236769
List the prime factors of 7054709.
43, 359, 457
List the prime factors of 64468.
2, 71, 227
List the prime factors of 3421955.
5, 257, 2663
List the prime factors of 8510036.
2, 199, 10691
List the prime factors of 566968.
2, 131, 541
What are the prime factors of 710817?
3, 41, 5779
What are the prime factors of 207278?
2, 61, 1699
List the prime factors of 3122431.
13, 181, 1327
List the prime factors of 819528.
2, 3, 34147
What are the prime factors of 20739786?
2, 3, 701, 4931
What are the prime factors of 121667?
7, 13, 191
List the prime factors of 14812364.
2, 7, 193, 2741
List the prime factors of 3746898.
2, 3, 101, 229
What are the prime factors of 3788434?
2, 13, 145709
List the prime factors of 1888565.
5, 7, 53959
What are the prime factors of 5105384?
2, 53, 12041
List the prime factors of 1778207.
73, 24359
List the prime factors of 274397.
17, 16141
What are the prime factors of 136404?
2, 3, 421
List the prime factors of 505914.
2, 3, 84319
What are the prime factors of 2476538?
2, 1238269
What are the prime factors of 1136978?
2, 431, 1319
List the prime factors of 3645734.
2, 1822867
List the prime factors of 1869011.
19, 98369
List the prime factors of 381851.
383, 997
What are the prime factors of 1603641?
3, 13, 3163
What are the prime factors of 10091693?
17, 593629
List the prime factors of 1332283.
1332283
What are the prime factors of 546524?
2, 11, 12421
List the prime factors of 2504880.
2, 3, 5, 7, 71
What are the prime factors of 9959629?
19, 47, 587
What are the prime factors of 761804?
2, 17, 659
List the prime factors of 274784.
2, 31, 277
List the prime factors of 176803.
11, 16073
List the prime factors of 6326759.
31, 127, 1607
List the prime factors of 172269.
3, 19141
What are the prime factors of 3981925?
5, 19, 83, 101
List the prime factors of 3109132.
2, 13, 59791
List the prime factors of 178466.
2, 17, 29, 181
What are the prime factors of 62159?
61, 1019
List the prime factors of 12257865.
3, 5, 29, 31, 101
What are the prime factors of 9890702?
2, 17, 97, 2999
List the prime factors of 4288327.
23, 47, 3967
What are the prime factors of 15955?
5, 3191
What are the prime factors of 1181317?
31, 53, 719
List the prime factors of 392740.
2, 5, 73, 269
What are the prime factors of 14431000?
2, 5, 14431
What are the prime factors of 1119280?
2, 5, 17, 823
List the prime factors of 2107420.
2, 5, 7, 15053
List the prime factors of 381078.
2, 3, 7057
What are the prime factors of 106803?
3, 11867
What are the prime factors of 18636?
2, 3, 1553
What are the prime factors of 817524?
2, 3, 22709
What are the prime factors of 1529139?
3, 19, 139, 193
List the prime factors of 1468476.
2, 3, 13597
List the prime factors of 452041.
452041
What are the prime factors of 1433542?
2, 11, 17, 3833
List the prime factors of 4968973.
107, 46439
List the prime factors of 12118346.
2, 29, 43, 113
What are the prime factors of 7378659?
3, 283, 2897
What are the prime factors of 1006161?
3, 13, 25799
What are the prime factors of 423696?
2, 3, 7, 13, 97
List the prime factors of 11376775.
5, 107, 4253
What are the prime factors of 3202934?
2, 7, 23, 29
List the prime factors of 353765.
5, 70753
List the prime factors of 659296.
2, 11, 1873
What are the prime factors of 684918?
2, 3, 13, 2927
List the prime factors of 6363926.
2, 37, 85999
What are the prime factors of 7783?
43, 181
List the prime factors of 42435110.
2, 5, 4243511
What are the prime factors of 215672?
2, 26959
List the prime factors of 21281295.
3, 5, 7, 202679
What are the prime factors of 4149178?
2, 11, 151, 1249
What are the prime factors of 412313?
11, 37483
List the prime factors of 43235173.
31, 1394683
What are the prime factors of 474995?
5, 94999
List the prime factors of 19855502.
2, 9927751
List the prime factors of 2497169.
2497169
What are the prime factors of 759336?
2, 3, 29, 1091
What are the prime factors of 12593836?
2, 3148459
List the prime factors of 5801479.
19, 29, 10529
List the prime fac